o(b) = -2*b**2 - 40*b - 170. Let s be o(-12). Let p be -5 - (2 + -1 + -2). Let d be p*(3/(-4) - 2). Calculate the highest common divisor of s and d.
11
Let w(m) = -39*m - 143. Let x be w(-5). Calculate the highest common divisor of x and 156.
52
Let g = -472 - -488. What is the highest common factor of g and 64?
16
Let x be -1*(3 + -3)/(-4). Let f be (-4)/((0 - x) + -2). Let q be (f/(-4))/((-5)/1620). Calculate the highest common factor of q and 18.
18
Suppose w + 3*b = -10, -16 = w - 4*b + 8. Let a = w + 13. Let t be ((-146)/10 - a)*-5. Calculate the highest common factor of 87 and t.
29
Suppose -4*x = -5*z + 117, 8*x - 5*x - 33 = -2*z. Calculate the greatest common factor of 35 and z.
7
Let n be ((-24)/36)/(4/(-378)). Calculate the highest common divisor of 18 and n.
9
Suppose -2*s - 46*g - 3 = -49*g, -5*s - 3*g + 24 = 0. What is the greatest common divisor of s and 537?
3
Suppose -5*x - 51 = -5*v + 159, 4*v - 166 = 3*x. What is the greatest common divisor of 140 and v?
20
Let f = -54 + 62. Suppose f*y - 2*y = 18. Let c be 2 + -1 + 6 + -4. Calculate the greatest common divisor of y and c.
3
Let w(d) = -4*d**2 - 13*d - 32. Let i(p) = 9*p**2 + 25*p + 63. Let z(s) = -3*i(s) - 7*w(s). Let r be z(-15). Calculate the highest common divisor of r and 160.
20
Let j(i) = i**3 + 9*i**2 - 10*i + 6. Let a be j(-10). Suppose a = g + 45. Let z = g + 103. What is the greatest common divisor of 16 and z?
16
Let z = 699 - 615. Calculate the highest common divisor of z and 126.
42
Let b be 266 - ((-48)/(-1))/(-12). Calculate the greatest common factor of 330 and b.
30
Let r = 31 + -28. Suppose 0 = r*y - x - 54, -3*y - 2*y + 4*x = -90. What is the highest common factor of y and 90?
18
Suppose 1219*i - 1656 = 1201*i. What is the highest common divisor of i and 414?
46
Let o = 8 + -5. Suppose -o - 1 = -4*f. Let k be 1/((5 - f)/8). What is the greatest common factor of 2 and k?
2
Let y(m) = 2*m**2 + 3*m - 3. Let c be y(1). Suppose 139 = 3*h - 2*v, -c*v - 100 = -2*h + 3*v. Calculate the highest common divisor of 9 and h.
9
Let x(g) = 20*g**2 + 2*g. Let y be x(-2). Calculate the highest common factor of 12 and y.
4
Let u(b) = -b**3 + 5*b**2 + 13*b + 21. Let c(w) = 2*w**2 - 12*w + 7. Let k be c(6). Let y be u(k). What is the greatest common divisor of 14 and y?
14
Let v be (-65047)/(-145) + (-15)/25. What is the greatest common divisor of v and 128?
64
Suppose 0 = 3*y + 4252 - 4645. Calculate the greatest common divisor of y and 2.
1
Suppose -30 = -5*m - 22*t + 27*t, -5*m = 5*t - 10. Let i(a) = a**2 + 1. Let l be i(3). Calculate the highest common divisor of m and l.
2
Let a be (-4)/10 + 244/10. Let c(u) = -u - 13. Let y be c(-6). Let o be y*(-2 + 92/(-14)). What is the highest common divisor of a and o?
12
Let p(v) = 3 + 1 - 6*v**2 - v**3 - 4*v + 2. Let d = 112 + -117. Let a be p(d). Calculate the greatest common divisor of a and 5.
1
Let t(n) = -7*n - 12. Suppose 43 = 5*o + 4*d, -5*d - 47 = -4*o - 4*d. Let a = -17 + o. Let k be t(a). What is the highest common factor of 45 and k?
15
Suppose 0 = -x - 3*x + 64. Let h be (8/x)/((-1)/(-12)). Let z be 16/10*15/h. Calculate the highest common factor of z and 12.
4
Suppose l + 4*k + 17 = 0, -3*l - 4*k = 2*l + 5. Suppose 4*q + 3*d - 95 = 0, -d + l*d = 2*q - 30. What is the highest common divisor of 340 and q?
20
Suppose 0*w = 3*w - 3. Let p(j) = -j**2 - 4*j + 18. Let b be p(-7). Let k = 4 - b. Calculate the greatest common factor of k and w.
1
Let y(u) = u**3 + 10*u**2 - 12*u - 159. Let j be y(-8). What is the highest common factor of j and 65?
65
Let o(n) = n - 5. Let x be -33*5/(-15) - -4. Let b be o(x). Calculate the highest common divisor of 20 and b.
10
Let q(m) = m**2 - 10*m + 4. Let i be q(10). Let l = i + -1. Suppose -l*o + o = -12. What is the greatest common factor of 15 and o?
3
Suppose -d + 3*i + 33 = 0, i - 7 = -5. What is the highest common factor of 663 and d?
39
Let s(d) = d**3 + d**2 - 1. Let h be s(2). Calculate the greatest common factor of h and 55.
11
Suppose 44*h - 1204 = -2*b + 48*h, -h + 2435 = 4*b. What is the highest common divisor of 76 and b?
76
Let t = 12 + 101. Let u be 243 - (-2 + 4 - 3). Suppose -s + i - 5*i = -t, -2*s + i + u = 0. Calculate the highest common divisor of s and 11.
11
Let a(p) = -p**3 + 2. Let c be a(0). Suppose 0*j + 4*y = 2*j - 52, -c*y - 2 = 0. Let u = 35 - 32. Calculate the highest common divisor of j and u.
3
Let u be ((-6)/(-5))/((-18)/(-210)). Calculate the greatest common divisor of 602 and u.
14
Let q(w) = 144*w - 131. Let f be q(5). Calculate the highest common divisor of f and 19.
19
Suppose -5*c = -v - 11, -2*v + c + 0*c + 5 = 0. Suppose 0*k - 816 = -v*k. Calculate the highest common factor of 34 and k.
34
Let w(p) = p**2 + 3*p + 5. Suppose -d = -5 + 8. Let v be w(d). Suppose v*o - 13 = 22. What is the highest common divisor of o and 77?
7
Let f(j) = -18*j - 36. Let q be f(-4). Suppose -m - q = -7*m. Calculate the highest common divisor of m and 15.
3
Suppose 0 = -0*g - g + 84. Suppose -4*k - 2*x + 116 = 0, -2*k + g = k + 3*x. What is the highest common factor of k and 90?
30
Let p(q) = 4*q**2 + 4*q - 3. Let f be p(4). Calculate the highest common divisor of f and 55.
11
Let p = -11 - -99. Suppose 40 = -4*u + 9*u. Suppose 0*o + u = o. What is the highest common factor of p and o?
8
Let v be (48 + -4 + 0)/((-14)/(-91)). What is the highest common factor of 110 and v?
22
Suppose 0*y + 2*g - 442 = -y, -1718 = -4*y + 2*g. Calculate the greatest common factor of 96 and y.
48
Suppose -39*l = -37*l + 242. Let i = l - -131. Calculate the greatest common divisor of i and 2.
2
Suppose -2*h = -2*l + 164, 4*l + 9*h = 4*h + 328. Calculate the greatest common divisor of l and 656.
82
Let q = 1626 + -749. Suppose -3*z = 4*d - q, 0*d + z - 219 = -d. What is the greatest common factor of d and 22?
22
Let z(u) = u + 2. Let h(g) = -2*g + 28. Let r(o) = h(o) + 8*z(o). Let s be r(-6). What is the highest common divisor of s and 104?
8
Let g be (-13 + (-3)/3)*297/(-54). Calculate the highest common factor of g and 22.
11
Let g(o) = -4*o - 1. Let a be g(-2). Suppose 0 = -b + 12 + 2. Let s be 21/b*(-8)/(-12). Calculate the highest common divisor of a and s.
1
Let z(o) = -4*o + 19. Let c be z(6). Let f be (-20)/c - 4/4. What is the highest common divisor of 2 and f?
1
Let c(m) = m**3 + m**2 + 4*m + 3. Let h be c(-2). Let i(w) = -w - 22. Let j be i(h). Let k = j - -21. What is the highest common factor of 64 and k?
8
Suppose 5*y - 3*v - 458 = 0, -2*v + 547 = 5*y + 69. What is the greatest common factor of y and 141?
47
Let b = 34 - -5. Suppose 0 = -74*g + 25185 + 789. Calculate the greatest common divisor of g and b.
39
Let t = 180 + -68. Suppose 3*j + 70 + 314 = 0. Let c be (2/4)/((-4)/j). What is the greatest common divisor of t and c?
16
Suppose -5*r = -3*g + 18, -2*g - 21 = 4*r + 11. Let y = r + 70. Let f = 14 + 2. Calculate the greatest common divisor of y and f.
16
Let j be ((-18)/8)/((-3723)/(-340) - 11). Calculate the greatest common factor of j and 20.
5
Let l(q) = -2*q - 18. Let p = -1 + -9. Let t be l(p). What is the highest common factor of 5 and t?
1
Let l be 34 - 35 - (0 + 0 + -4). Suppose 0*u - 3*u = -g - 203, 0 = l*u - 3*g - 213. What is the greatest common divisor of 6 and u?
6
Let g = 279 - 191. Let s(w) = -w**3 - 3*w**2 - w. Let j be s(-3). Let h be 3*5/3 + j. What is the greatest common divisor of g and h?
8
Suppose 0*f = 5*f + 30. Let n be f/(-9) + (-100)/15. Let i be n/(-3)*8 + 1. Calculate the highest common divisor of 136 and i.
17
Suppose 3*o + 18 = 3*d, -4*d + 6 = 3*o + 3. Suppose 5*w - 2*p = 80, 2*p - 32 = -d*w + w. What is the greatest common factor of 2 and w?
2
Let p be 6 - 9 - (-10 + -1). Suppose 0 = 3*c + 1 - 7. Calculate the highest common factor of c and p.
2
Let a(i) = i + 8. Let x(b) = -b**3 + 7*b**2 + 10*b - 20. Let h be x(8). Let z be a(h). Calculate the greatest common factor of z and 12.
4
Let d be 1 + 33/(-55) + 26/10. Suppose -u - d = -5*u - x, -17 = 4*u + 5*x. What is the highest common factor of u and 5?
1
Let b be 9 + 3/12*-20. What is the greatest common factor of 404 and b?
4
Suppose 340 = 3*k + m, 3*m - 7*m + 16 = 0. What is the highest common factor of k and 7?
7
Let x be (-5)/(-1)*(-579)/(-15). Let s = x - 90. Suppose 0 = 2*m - s - 17.